mber?
True
Is 86508181 a prime number?
False
Is 46777457 a composite number?
True
Is 10420513 a composite number?
True
Is 307248899 prime?
True
Is 84748021 composite?
True
Is 90227 a composite number?
False
Is 43742627 prime?
True
Is 37720733 composite?
True
Is 97863971 a prime number?
True
Is 8272313 a prime number?
False
Is 109931 a composite number?
True
Is 5464223 composite?
False
Is 397147 a composite number?
True
Is 191571907 prime?
True
Is 107337791 a prime number?
False
Is 39920411 composite?
False
Is 247879199 a prime number?
True
Is 122982527 prime?
False
Is 19639471 prime?
False
Is 793728737 prime?
True
Is 9649 composite?
False
Is 533111 prime?
True
Is 120135829 prime?
False
Is 7230365 composite?
True
Is 22911761 composite?
False
Is 534971 a prime number?
True
Is 36671581 prime?
True
Is 60333631 prime?
True
Is 7609577 a prime number?
True
Is 130415353 a composite number?
False
Is 40304213 prime?
True
Is 42475793 a composite number?
False
Is 108717757 prime?
False
Is 15338311 prime?
False
Is 5247157 a prime number?
True
Is 48788581 prime?
True
Is 143961022 a composite number?
True
Is 32455387 a prime number?
False
Is 5108641 a prime number?
False
Is 163826923 a prime number?
False
Is 11619563 a composite number?
True
Is 273027561 a composite number?
True
Is 82170593 prime?
False
Is 96079 a prime number?
True
Is 101803027 a composite number?
True
Is 1761719 a prime number?
False
Is 1978021 a composite number?
False
Is 4879807 a prime number?
True
Is 152597 prime?
True
Is 5002093 a prime number?
True
Is 4328858 composite?
True
Is 15694169 composite?
False
Is 169400611 a composite number?
True
Is 203965891 a prime number?
False
Is 9592291 a prime number?
True
Is 598487 prime?
True
Is 132431561 a prime number?
True
Is 27496789 a composite number?
False
Is 4476027 prime?
False
Is 422976709 a prime number?
True
Is 277063 prime?
True
Is 15532463 a prime number?
True
Is 236983 a composite number?
False
Is 603947839 composite?
True
Is 4175651 a prime number?
False
Is 447355991 a prime number?
False
Is 5460865 a composite number?
True
Is 2908967 a composite number?
True
Is 14352341 composite?
True
Is 190835 a composite number?
True
Is 1544831 a composite number?
False
Is 280173331 composite?
False
Is 69960341 a prime number?
False
Is 766247 a composite number?
False
Is 2357909 a prime number?
True
Is 15698651 composite?
False
Is 82828609 prime?
True
Is 2656091 composite?
False
Is 2730383 composite?
False
Is 107908991 composite?
False
Is 17890769 prime?
False
Is 169151729 a composite number?
True
Is 271874479 composite?
False
Is 19721701 a composite number?
True
Is 40911987 a prime number?
False
Is 208582859 composite?
True
Is 7360211 a prime number?
False
Is 3833 a prime number?
True
Is 10732817 composite?
False
Is 328186451 a composite number?
False
Is 1299773 prime?
False
Is 2864419 prime?
True
Is 5431921 a prime number?
False
Is 768917 a composite number?
True
Is 20978267 a composite number?
False
Is 82614863 a composite number?
True
Is 6294217 a composite number?
False
Is 141394421 composite?
True
Is 554501069 prime?
True
Is 33133591 prime?
True
Is 103736753 composite?
False
Is 209533793 prime?
False
Is 837847 a prime number?
True
Is 16470953 prime?
True
Is 411847 prime?
False
Is 113733307 a composite number?
True
Is 679227233 a composite number?
True
Is 29754187 a composite number?
False
Is 204133 prime?
True
Is 27316921 prime?
False
Is 70151677 composite?
False
Is 100277 a prime number?
False
Is 164787173 a composite number?
True
Is 25675467 composite?
True
Is 6570563 a composite number?
True
Is 347115721 a prime number?
False
Is 1093657 composite?
False
Is 1180729 composite?
True
Is 12728707 a composite number?
False
Is 309707 a prime number?
True
Is 34040021 prime?
False
Is 43918423 a composite number?
False
Is 230399933 prime?
False
Is 18530338 a prime number?
False
Is 633629 a composite number?
False
Is 2478197 composite?
True
Is 518917 a composite number?
True
Is 834019 a prime number?
False
Is 96545671 prime?
True
Is 15680869 a prime number?
False
Is 44568071 prime?
False
Is 14621687 prime?
True
Is 1781609 a composite number?
False
Is 47082887 composite?
True
Is 27304853 a composite number?
True
Is 1901299 a composite number?
False
Is 561051371 prime?
False
Is 732362041 a prime number?
True
Is 10130683 prime?
False
Is 339869 a prime number?
False
Is 258469 a prime number?
True
Is 128583619 a composite number?
True
Is 254194001 a composite number?
True
Is 205835327 a prime number?
True
Is 38483693 a prime number?
True
Is 484151 prime?
True
Is 3472703 a composite number?
True
Is 2491799 a prime number?
False
Is 12927623 composite?
True
Is 115023677 composite?
False
Is 81839 prime?
True
Is 4171087 a prime number?
True
Is 364669 prime?
True
Is 3997849 prime?
True
Is 255355567 composite?
True
Is 48886557 a prime number?
False
Is 45415553 a prime number?
True
Is 451277 prime?
True
Is 83985649 a composite number?
True
Is 66471901 a prime number?
True
Is 37935509 composite?
True
Is 32443753 a composite number?
False
Is 425030939 a prime number?
False
Is 217175543 prime?
False
Is 35224341 a prime number?
False
Is 772757 a prime number?
True
Is 31394513 composite?
False
Is 941669 a composite number?
False
Is 647531 a prime number?
True
Is 342441971 a composite number?
False
Is 1134401 composite?
True
Is 38011651 a composite number?
False
Is 1222553 a composite number?
True
Is 1438159 a composite number?
False
Is 6224201 a composite number?
False
Is 7396261 a composite number?
True
Is 44487649 a composite number?
True
Is 408786073 prime?
False
Is 4791239 a prime number?
True
Is 303529 prime?
True
Is 3868279 a prime number?
True
Is 1069171 prime?
True
Is 45167719 a prime number?
True
Is 1629682 prime?
False
Is 1774159 composite?
False
Is 21976197 a prime number?
False
Is 3815551 a prime number?
False
Is 546247609 a composite number?
False
Is 109981486 prime?
False
Is 24194197 a composite number?
False
Is 32563787 a prime number?
True
Is 19520987 a prime number?
True
Is 849143 prime?
True
Is 345545 prime?
False
Is 42379693 composite?
False
Is 38208473 a composite number?
False
Is 36074393 a prime number?
True
Is 643437617 a prime number?
True
Is 99003539 composite?
False
Is 492589 prime?
False
Is 143249063 a prime number?
True
Is 1190573 prime?
True
Is 1327117717 a prime number?
True
Is 71600849 composite?
True
Is 959083 prime?
True
Is 4523521 composite?
False
Is 7552345 a prime number?
False
Is 12809101 prime?
True
Is 9155989 composite?
True
Is 13500002 prime?
False
Is 10085473 a prime number?
True
Is 1968091 a prime number?
False
Is 316484069 a prime number?
False
Is 319115 a composite number?
True
Is 6216697 composite?
False
Is 776594347 a composite number?
True
Is 424550891 a composite number?
True
Is 11952943 a prime number?
True
Is 3377503 a composite number?
False
Is 72865486 prime?
False
Is 9051313 a composite number?
False
Is 27946819 a prime number?
False
Is 28176763 prime?
True
Is 283207555 a composite number?
True
Is 941879 prime?
True
Is 17566441 a composite number?
False
Is 946291 a composite number?
False
Is 11687779 a composite number?
True
Is 708823 a prime number?
True
Is 743927 a composite number?
True
Is 583971031 a composite number?
True
Is 2885977 prime?
True
Is 44140247 a composite number?
True
Is 113469671 a prime number?
False
Is 843709 composite?
True
Is 24853117 a composite number?
True
Is 198513827 composite?
True
Is 84983377 prime?
True
Is 23198342 prime?
False
Is 5617918 a prime number?
False
Is 11113589 a composite number?
False
Is 38188237 a prime number?
False
Is 10596121 a prime number?
True
Is 5252615 a composite number?
True
Is 89677579 a prime number?
True
Is 162862229 a composite number?
False
Is 4531543 composite?
False
Is 15315149 a composite number?
False
Is 4324211 a composite number?
False
Is 12866541 composite?
True
Is 2586253 prime?
True
Is 11200559 composite?
False
Is 654691841 a prime number?
True
Is 7546639 prime?
True
Is 26562343 prime?
True
Is 739279373 prime?
False
Is 55149029 prime?
False
Is 212325553 composite?
True
Is 664226897 a composite number?
True
Is 521393 a prime number?
True
Is 26193 a prime number?
False
Is 2796751 composite?
False
Is 1872137 a prime number?
True
Is 33149377 a 